Suppose -361848 + 97652 - 23369 = -57*b. List the prime factors of b.
5, 1009
Let y(g) = 1 + 23*g**3 + g + 14*g**3 - 109*g**3. List the prime factors of y(-1).
2, 3
Suppose -6*p = -6*p + 6*p. Suppose 5*g + 11 - 11 = p. Suppose -4*x + 432 = 4*h, g = 2*h - 6*h + 5*x + 459. List the prime factors of h.
3, 37
Let j(o) = 5*o**3 - 14*o**2 - 21*o + 12. Let y be j(6). Let p = 746 - y. What are the prime factors of p?
2, 71
Suppose 0 = -13*t + 21*t - 208. Let d = 41 + t. List the prime factors of d.
67
Let g = -5675 + 5849. Let z = -40 - -62. Suppose -g + z = -4*s. List the prime factors of s.
2, 19
Let r be ((1218/24)/(-7))/((-1)/4). Let j(a) = 19*a - 252. What are the prime factors of j(r)?
13, 23
Suppose 116198 = 2*b + 5*n, -239318 = -3*b + 7*n - 64934. List the prime factors of b.
2, 7, 593
Let u = 906 + 4438. What are the prime factors of u?
2, 167
Let c(d) = 12*d + 6. Let b be c(4). Let p = b + -57. What are the prime factors of 3/21 + p + (-7512)/(-42)?
2, 11
Suppose -14*u = -22*u + 504. Suppose -3*o = u - 147. What are the prime factors of o?
2, 7
Let s be -4*2/(-8) - -2. Suppose x + o + 100 = 394, -586 = -2*x - s*o. List the prime factors of x.
2, 37
Suppose 3*o = 4*n - 2*o - 1334, 2*n = -5*o + 652. List the prime factors of n/1 + 8/((-44)/11).
7, 47
Let d be 986 + (4 - 6) + 4 + -1. Suppose 483 = w + 5*f, 0 = -2*w - 0*w - 3*f + d. List the prime factors of w.
2, 3, 83
List the prime factors of -5*9325*((-50)/75)/((-8)/(-12)).
5, 373
Suppose -4*i = -2*j - 18050, j + 18047 = -3*i + 7*i. Suppose 6*z - 3*z - i = -q, -q - 4507 = -3*z. What are the prime factors of z?
3, 167
List the prime factors of ((-2)/(-14)*-16)/(114/(-132069)).
2, 331
Let k(r) = 1218*r**2 - 40*r - 55. List the prime factors of k(-2).
59, 83
Let o(c) = -1082*c + 531. List the prime factors of o(-1).
1613
Let n be 4 + 6/(-1) - -4. Suppose -2105 = -4*z - w, 3*z - 1580 = -0*w - n*w. List the prime factors of z.
2, 263
Suppose -4*f = 8*z - 12*z + 1224, -2*z = 3*f + 903. Let l = 699 - f. What are the prime factors of l?
2, 3, 167
Let c(h) = -603*h**3 + 45*h**2 - 41*h - 200. List the prime factors of c(-4).
2, 3, 1091
Let q(z) = 3*z - 9. Let p be q(-5). Let n = p - -15. Let b(s) = -s**2 - 8*s + 13. List the prime factors of b(n).
2
What are the prime factors of (-701880)/(-60) + (-1 + -1)*2/(-4)?
11699
Let d = -204 + 288. Let k = 216 - d. Suppose 3*c - c = 4*q - k, 2*q - 46 = -4*c. What are the prime factors of q?
31
Let x = -9766 + 12606. List the prime factors of x.
2, 5, 71
Let r = 273 - 274. List the prime factors of (r*1)/(1*9/(-4905)).
5, 109
Suppose -228*z + 46 = -227*z. Suppose 5*m - 2790 = -c, -c + z - 1169 = -2*m. List the prime factors of m.
13, 43
Let j(c) = c**2 + 4*c + 5. Let i be j(-1). Suppose 2*d - 3*d + 130 = a, 4*a + i*d = 520. Suppose 12*z = 518 + a. List the prime factors of z.
2, 3
Let c be 0/((2 + -4)*(-4 + 3)). Suppose c = -4*k - 2*u - 3*u + 1864, 0 = 5*k - u - 2359. List the prime factors of k.
3, 157
Let k be 12/(-2) - (-2 - 185). List the prime factors of 10/25*5*k.
2, 181
Suppose h = 5*f - 1179, 203 + 974 = 5*f - 3*h. Let i = f - 104. List the prime factors of i.
2, 3, 11
Let k be -2*3/(-2) + -2. List the prime factors of -13 + 9 + 401/(k/1).
397
Let b = 8 + -5. Let i be (2 + 0)*40/((-800)/(-3570)). Suppose i = b*l - 60. What are the prime factors of l?
139
List the prime factors of (12 + -10)/((5/1777)/5) + -3.
53, 67
Suppose -k - 4*v + 4292 = 0, -2*k - 5*v + 3139 = -5463. What are the prime factors of k?
2, 13, 83
Let g be 3/(-5) - (-3)/10*-18. Let l be (2 - (-7)/2)/((-3)/g). Suppose -t + v + 21 = 0, -6*t + 5*t - v + l = 0. What are the prime factors of t?
2
Let u(p) = p**3 + 77*p**2 - 84*p - 542. What are the prime factors of u(-74)?
2, 43, 257
List the prime factors of 16 - (1341252/(-4))/9.
37273
Let t = 15292 + -6950. List the prime factors of t.
2, 43, 97
List the prime factors of 2/((57/95)/(-1 + 8917/10)).
2969
Let x(l) = l**2 + 10*l + 13. Let g be x(-10). Let c(k) be the first derivative of k**3/3 + k**2/2 - 16*k - 13. What are the prime factors of c(g)?
2, 83
Let b(u) be the second derivative of 25*u**4/12 - 5*u**3/6 + u**2 - 6*u. Let j be b(5). List the prime factors of j/6 + -1 - (-22)/33.
2, 5
Suppose 10*r - 213899 = 159493 + 30538. What are the prime factors of r?
31, 1303
Let a(f) = 15*f - 55. Let c be (8 - 2) + (-4 - -3) + -3. Suppose 3*j + 3*i - 51 = 0, -4*j - i + 31 = -c*j. What are the prime factors of a(j)?
5, 31
Let r(d) = 10*d**2 - 612*d - 158. What are the prime factors of r(72)?
2, 13, 293
What are the prime factors of 0 + 44500 - (98 + -106)?
2, 3, 3709
Let d(o) = 47*o**2 + 184*o - 922. What are the prime factors of d(5)?
3, 17, 23
Let q(v) = -12*v - 2. Let w be q(-9). Let z = 184 - w. Let x = z - -10. List the prime factors of x.
2, 11
Let o(r) = -438*r + 8. Let b be 7*((-32)/14 - -2). Let f be o(b). Suppose 9*u = f - 65. List the prime factors of u.
7, 13
Let b(r) = r**3 + 3*r**2 - 5*r + 7. Let z be b(-4). Let p(i) = -i**3 + 8*i**2 + 34*i - 5. Let h be p(z). What are the prime factors of h/4*-2 + 147?
2, 3
What are the prime factors of (10 + 330395)*23/115?
3, 22027
Suppose -33*j = -7051 - 1859. Let u = 2105 - j. List the prime factors of u.
5, 367
Suppose -90*x - 801 = 9. Let f(q) be the second derivative of -5*q**3/3 + 9*q**2 - 2*q. List the prime factors of f(x).
2, 3
Suppose 0 = -b + 5*i + 5357, b + 765 - 6142 = i. What are the prime factors of b?
2, 3, 13, 23
List the prime factors of (37 + -4522)/((3/(-42))/1).
2, 3, 5, 7, 13, 23
List the prime factors of (26335/(-30))/(6 + 4367/(-726)).
11, 23, 229
Let l(c) = -109*c + 261. List the prime factors of l(-75).
2, 3, 19, 37
Suppose -54 = 4*p - 7*p. Let h be (-32)/(-144) + (-4)/p. List the prime factors of -4 - (-79 - 2 - h).
7, 11
Let h(j) = 2*j - 17. Let g be h(8). Let a be 64/(-16) - (-3 + g). Suppose -5*p = 4*k - 184, 3*p - 12 = -a. List the prime factors of k.
41
Let o = 14 - -1605. List the prime factors of o.
1619
Suppose -5560 = -16*r + 2968. Suppose -20*g + 6253 - r = 0. What are the prime factors of g?
2, 11, 13
Suppose -2*t - t = 255. Let r = 364 + -205. Let s = r + t. What are the prime factors of s?
2, 37
Let l(r) = -429*r**3 + 6*r**2 + 8*r + 4. What are the prime factors of l(-3)?
11617
Let y be -1 + -3860 + (-5 - -3). Let v = y - -5511. List the prime factors of v.
2, 103
Suppose -16 = -4*m + 8. Let c be (-117)/156 - 18/(-16)*m. Suppose g = c - 0. What are the prime factors of g?
2, 3
Suppose 2*u = -x - 14466 + 55083, -2*u = -5*x + 203085. List the prime factors of x.
3, 4513
Suppose n = -j - 2*n - 95, -4*j + 2*n - 422 = 0. List the prime factors of (-4)/(j/11202) + (-8)/(-52).
431
What are the prime factors of (-3)/(((-8)/(-581772))/((-24)/108))?
48481
Let i = -112 + 5725. List the prime factors of i.
3, 1871
Let o(t) = -12*t**3 + 24*t + 23. What are the prime factors of o(-10)?
11783
Let x(d) = -2*d**3 + 22*d**2 + d + 10. Suppose -h - 1 + 6 = a, 0 = 2*h + 8. List the prime factors of x(a).
7
Let t(g) = 2*g**2 - 7*g - 27. Let z(s) = 12*s - 73. Let p be z(5). What are the prime factors of t(p)?
2, 3, 67
Suppose -5*s = 5*c + 1181 + 759, 5*c = 5*s + 1890. Let y be (123/1 + -5)*6/((-12)/11). Let k = s - y. List the prime factors of k.
2, 7, 19
Let y(x) be the second derivative of 44*x**3/3 + 36*x**2 + 77*x. What are the prime factors of y(6)?
2, 3, 5
Let s = 733 + -586. Suppose 129*k + 4500 = s*k. What are the prime factors of k?
2, 5
Let c(z) = -1016*z - 4359. What are the prime factors of c(-81)?
3, 83, 313
Suppose -3*j = -j - 50. Suppose -47 = 6*k + j. List the prime factors of (-2668)/(-16) + k/16 + 0.
2, 83
Let s be 21/6 - 2 - 8/(-16). Let x be ((-10)/3)/((-6)/(-72)). List the prime factors of (x/30)/((-3)/(1053/s)).
2, 3, 13
Let f(c) be the second derivative of c**5/20 + 25*c**4/12 + 31*c**3/6 - 3*c**2 + 121*c. What are the prime factors of f(-21)?
3, 41
Suppose 0 = 3*z + 38 - 53. Suppose 430 = s - z*q - 423, q - 1 = 0. List the prime factors of s.
2, 3, 11, 13
Let j = -1471 - -198. Let f = -437 - j. List the prime factors of f.
2, 11, 19
Let c(u) = 3*u + 37. Let y be c(-11). Suppose 0 = -0*v - v + y*v. Suppose 321 = 4*f + 3*g, v = -2*f + 2*g + g + 183. What are the prime factors of f?
2, 3, 7
Let v(x) = 208*x - 28. Let q be v(3). Let g = 602 - q. What ar